 6) to base 15
5
What is 26 (base 9) in base 4?
120
Convert 3 (base 4) to base 3.
10
Convert -420 (base 7) to base 12.
-156
Convert 2b (base 12) to base 11.
32
114 (base 12) to base 13
c4
What is 1 (base 10) in base 9?
1
Convert -100 (base 2) to base 12.
-4
Convert 18 (base 12) to base 8.
24
What is 122 (base 6) in base 14?
38
-101101 (base 2) to base 5
-140
Convert -17 (base 14) to base 11.
-1a
12 (base 3) to base 10
5
-2 (base 15) to base 2
-10
Convert -1011 (base 4) to base 10.
-69
What is 4 (base 8) in base 10?
4
31 (base 6) to base 16
13
-5a (base 14) to base 2
-1010000
-4 (base 11) to base 2
-100
-200 (base 3) to base 7
-24
-168 (base 9) to base 14
-a3
What is a (base 14) in base 6?
14
-2 (base 4) to base 5
-2
10 (base 13) to base 6
21
Convert 4 (base 11) to base 10.
4
Convert -a (base 16) to base 6.
-14
Convert -136 (base 8) to base 9.
-114
Convert -3 (base 5) to base 11.
-3
Convert -10 (base 2) to base 12.
-2
11222 (base 3) to base 6
342
What is -1c (base 14) in base 9?
-28
Convert 12 (base 5) to base 14.
7
-1212 (base 3) to base 8
-62
11 (base 7) to base 10
8
What is -7 (base 9) in base 14?
-7
What is -12010 (base 3) in base 6?
-350
-5b (base 13) to base 4
-1030
Convert 3 (base 8) to base 12.
3
-11 (base 2) to base 15
-3
What is -7b (base 12) in base 15?
-65
What is 12 (base 16) in base 12?
16
Convert -7 (base 9) to base 4.
-13
What is -13 (base 9) in base 4?
-30
What is 1011101 (base 2) in base 15?
63
What is -13 (base 10) in base 3?
-111
100 (base 2) to base 12
4
What is 44 (base 7) in base 11?
2a
What is -2 (base 11) in base 16?
-2
-15 (base 16) to base 11
-1a
What is -2 (base 9) in base 8?
-2
Convert 2022 (base 3) to base 7.
116
Convert a3 (base 16) to base 13.
c7
What is -b6 (base 14) in base 10?
-160
21 (base 13) to base 5
102
Convert -2312 (base 4) to base 10.
-182
What is 124 (base 5) in base 8?
47
130 (base 7) to base 15
4a
-200 (base 6) to base 8
-110
What is 6a (base 11) in base 14?
56
What is -3 (base 10) in base 7?
-3
What is 7 (base 16) in base 2?
111
Convert 227 (base 11) to base 9.
331
Convert 219 (base 10) to base 11.
18a
1 (base 2) to base 9
1
1 (base 11) to base 10
1
Convert dc (base 15) to base 16.
cf
Convert 0 (base 10) to base 14.
0
What is 110 (base 5) in base 11?
28
14 (base 9) to base 14
d
What is -1 (base 16) in base 7?
-1
Convert -3 (base 6) to base 8.
-3
Convert 2 (base 11) to base 10.
2
-118 (base 11) to base 5
-1030
Convert 10 (base 3) to base 11.
3
Convert -3 (base 8) to base 16.
-3
Convert 8 (base 12) to base 2.
1000
Convert -1 (base 9) to base 5.
-1
What is -2 (base 13) in base 2?
-10
What is -214 (base 5) in base 11?
-54
What is -1 (base 14) in base 5?
-1
Convert 6 (base 8) to base 15.
6
What is 374 (base 9) in base 12?
21a
-1 (base 5) to base 12
-1
-10011 (base 3) to base 11
-78
What is -1a8 (base 13) in base 9?
-371
What is 2 (base 10) in base 9?
2
What is -7 (base 14) in base 11?
-7
What is -66 (base 13) in base 10?
-84
Convert -82 (base 10) to base 8.
-122
166 (base 8) to base 2
1110110
Convert 3 (base 14) to base 4.
3
Convert -23 (base 9) to base 8.
-25
-144 (base 9) to base 15
-81
What is -3 (base 5) in base 15?
-3
What is -db (base 16) in base 13?
-13b
Convert 10120 (base 3) to base 4.
1200
What is -10 (base 6) in base 15?
-6
What is e3 (base 16) in base 11?
197
Convert 1 (base 16) to base 12.
1
What is -32 (base 5) in base 11?
-16
Convert 0 (base 10) to base 2.
0
What is 11 (base 5) in base 11?
6
16 (base 7) to base 12
11
1 (base 3) to base 12
1
-20 (base 7) to base 3
-112
What is -33 (base 4) in base 8?
-17
110 (base 3) to base 14
c
What is 9 (base 15) in base 4?
21
20 (base 7) to base 16
e
What is 0 (base 7) in base 11?
0
What is 2 (base 13) in base 12?
2
What is -188 (base 9) in base 15?
-ab
What is 12 (base 3) in base 10?
5
35 (base 6) to base 16
17
What is -110 (base 3) in base 16?
-c
What is -3 (base 4) in base 9?
-3
Convert -3 (base 11) to base 15.
-3
18 (base 16) to base 10
24
What is 18 (base 16) in base 15?
19
-16 (base 11) to base 13
-14
-37 (base 13) to base 5
-141
What is -14 (base 7) in base 14?
-b
20 (base 4) to base 6
12
What is 8 (base 14) in base 4?
20
What is 3 (base 14) in base 6?
3
Convert 5 (base 14) to base 9.
5
Convert -21 (base 3) to base 12.
-7
What is -11 (base 3) in base 7?
-4
71 (base 16) to base 7
221
Convert 14 (base 16) to base 12.
18
What is -110 (base 6) in base 10?
-42
30 (base 7) to base 5
41
11 (base 2) to base 6
3
Convert 320 (base 4) to base 14.
40
351 (base 8) to base 2
11101001
Convert 14 (base 10) to base 15.
e
What is -70 (base 9) in base 7?
-120
What is -13 (base 9) in base 2?
-1100
21 (base 4) to base 11
9
What is 361 (base 8) in base 5?
1431
What is 10 (base 10) in base 8?
12
101 (base 3) to base 16
a
Convert 10302 (base 4) to base 16.
132
100 (base 2) to base 13
4
-337 (base 9) to base 2
-100010101
-21 (base 10) to base 8
-25
What is 171 (base 9) in base 11?
122
4 (base 16) to base 5
4
What is 4 (base 6) in base 7?
4
What is 3 (base 15) in base 12?
3
-4a (base 15) to base 16
-46
Convert 1000 (base 4) to base 7.
121
153 (base 10) to base 7
306
1220 (base 3) to base 16
33
Convert -11 (base 15) to base 5.
-31
-1 (base 11) to base 16
-1
Convert 1 (base 2) to base 5.
1
3 (base 16) to base 6
3
79 (base 12) to base 10
93
Convert 4 (base 10) to base 16.
4
Convert 49 (base 10) to base 14.
37
What is 10021 (base 3) in base 6?
224
Convert 7 (base 8) to base 10.
7
What is 110 (base 5) in base 11?
28
What is -5 (base 10) in base 13?
-5
4 (base 16) to base 11
4
Convert -100010 (base 2) to base 9.
-37
-8 (base 9) to base 2
-1000
Convert -4 (base 7) to base 8.
-4
Convert -41 (base 5) to base 2.
-10101
Convert 1 (base 8) to base 13.
1
6 (base 14) to base 13
6
1 (base 2) to base 6
1
-8 (base 12) to base 7
-11
What is -3 (base 12) in base 6?
-3
-6 (base 16) to base 8
-6
What is a (base 11) in base 16?
a
What is 0 (base 15) in base 5?
0
4 (base 8) to base 15
4
Convert a (base 13) to base 15.
a
1 (base 7) to base 9
1
-10 (base 12) to base 3
-110
What is 37 (base 10) in base 14?
29
What is 50 (base 7) in base 4?
203
Convert 78 (base 13) to base 10.
99
Convert -2 (base 4) to base 15.
-2
What is 11a (base 12) in base 8?
246
-38 (base 16) to base 5
-211
-15 (base 13) to base 2
-10010
What is f7 (base 16) in base 11?
205
What is 44 (base 6) in base 3?
1001
Convert 22a (base 11) to base 8.
422
141 (base 10) to base 9
166
Convert -12 (base 6) to base 12.
-8
1 (base 3) to base 12
1
-2c (base 13) to base 9
-42
Convert -3 (base 15) to base 6.
-3
What is 2 (base 13) in base 8?
2
-45 (base 7) to base 3
-1020
-2 (base 3) to base 8
-2
Convert -2a (base 16) to base 9.
-46
101 (base 3) to base 4
22
What is -5 (base 8) in base 15?
-5
What is -56 (base 10) in base 16?
-38
What is 5 (base 9) in base 3?
12
Convert -3 (base 14) to base 4.
-3
Convert 57 (base 9) to base 7.
103
0 (base 12) to base 6
0
-176 (base 9) to base 5
-1100
24 (base 7) to base 2
10010
0 (base 15) to base 10
0
-12 (base 5) to base 13
-7
Convert 310 (base 4) to base 9.
57
43 (base 15) to base 14
47
What is 83 (base 12) in base 10?
99
Convert -2 (base 9) to base 10.
-2
Convert -22 (base 15) to base 4.
-200
Convert a (base 11) to base 10.
10
What is 100 (base 2) in base 14?
4
What is 12 (base 4) in base 11?
6
Convert 0 (base 5) to base 16.
0
1 (base 11) to base 13
1
What is 30 (base 4) in base 15?
c
Convert -4 (base 16) to base 4.
-10
-10210 (base 3) to base 11
-93
Convert 11 (base 6) to base 3.
21
What is 325 (base 9) in base 14?
150
What is 15 (base 11) in base 12?
14
Convert 130 (base 14) to base 8.
356
-8a (base 14) to base 2
-1111010
What is c (base 16) in base 2?
1100
Convert -11a (base 12) to base 2.
-10100110
What is -24 (base 13) in base 16?
-1e
100 (base 2) to base 4
10
Convert -8 (base 14) to base 10.
-8
11100 (base 2) to base 15
1d
-11 (base 2) to base 5
-3
What is 3c (base 14) in base 13?
42
Convert b5 (base 12) to base 15.
92
Convert 242 (base 8) to base 9.
200
Convert -1000100 (base 2) to base 10.
-68
What is -89 (base 10) in base 3?
-10022
What is -48 (base 9) in base 6?
-112
-222 (base 4) to base 9
-46
-1000 (base 2) to base 9
-8
Convert -13 (base 6) to base 9.
-10
Convert 110 (base 4) to base 2.
10100
Convert 11110 (base 2) to base 15.
20
What is 1 (base 7) in base 3?
1
5 (base 6) to base 12
5
1111